{"id":2,"date":"2023-11-12T22:22:36","date_gmt":"2023-11-12T22:22:36","guid":{"rendered":"https:\/\/www.lem.uni.edu.pe\/?page_id=2"},"modified":"2026-03-06T13:28:54","modified_gmt":"2026-03-06T18:28:54","slug":"inicio","status":"publish","type":"page","link":"https:\/\/www.lem.uni.edu.pe\/","title":{"rendered":"Inicio"},"content":{"rendered":"<style>\n.rounded-corners {\n    border-radius: 15px; \/* Ajusta el valor seg\u00fan cu\u00e1n redondeadas quieras las esquinas *\/\n    display: block;\n    margin: 0 auto;      \/* Centra la imagen *\/\n}\n<\/style>\n<h6 style=\"text-align: center;\"><strong>Bienvenidos a la web del Laboratorio de Ensayos de Materiales (LEM)<\/strong><\/h6>\n<h6 style=\"text-align: center;\"><img loading=\"lazy\" decoding=\"async\" class=\"wp-image-30 aligncenter\" src=\"http:\/\/www.lem.uni.edu.pe\/wp-content\/uploads\/2023\/10\/logolemtransparente-195x300.png\" alt=\"\" width=\"126\" height=\"194\" \/><\/h6>\n<div id=\"botones-responsive\" style=\"display: flex; flex-wrap: wrap; justify-content: space-between; column-gap: 12px; row-gap: 0px; max-width: 100%; margin: 0 auto;\">\n<div style=\"flex: 1 1 45%; padding: 0; margin: 0; box-sizing: border-box;\"><a style=\"display: block; margin: 0;\" href=\"\/?page_id=841\" target=\"_blank\" rel=\"noopener\"><br \/>\n<button style=\"background-color: #ff9999; border: 2px solid #CC6666; padding: 2px 8px; margin: 0; cursor: pointer; border-radius: 10px; width: 100%; box-sizing: border-box; font-weight: bold; color: black; font-size: clamp(12px, 1.3vw, 13px); display: flex; align-items: center; justify-content: center; text-align: center; white-space: normal;\"><br \/>\n<span style=\"line-height: 1;\">FORMULARIOS PARA SOLICITAR ENSAYOS<\/span><br \/>\n<\/button><br \/>\n<\/a><\/div>\n<div style=\"flex: 1 1 45%; padding: 0; margin: 0; box-sizing: border-box;\"><a style=\"display: block; margin: 0;\" href=\"\/archivoslem\/CONDICIONES_GENERALES_DE_SERVICIO.pdf\" target=\"_blank\" rel=\"noopener\"><br \/>\n<button style=\"background-color: #99ccff; border: 2px solid #6699CC; padding: 2px 8px; margin: 0; cursor: pointer; border-radius: 10px; width: 100%; box-sizing: border-box; font-weight: bold; color: black; font-size: clamp(12px, 1.3vw, 13px); display: flex; align-items: center; justify-content: center; text-align: center; white-space: normal;\"><br \/>\n<span style=\"line-height: 1;\">CONDICIONES GENERALES DE SERVICIO JL-DOC-09<\/span><br \/>\n<\/button><br \/>\n<\/a><\/div>\n<div style=\"flex: 1 1 45%; padding: 0; margin: 0; box-sizing: border-box;\"><a style=\"display: block; margin: 0;\" href=\"\/ensayoslem\/encuesta.html\" target=\"_blank\" rel=\"noopener\"><br \/>\n<button style=\"background-color: #99ff99; border: 2px solid #66CC66; padding: 2px 8px; margin: 0; cursor: pointer; border-radius: 10px; width: 100%; box-sizing: border-box; font-weight: bold; color: black; font-size: clamp(12px, 1.3vw, 13px); display: flex; align-items: center; justify-content: center; text-align: center; white-space: normal;\"><br \/>\n<span style=\"line-height: 1;\">ENCUESTA DE SATISFACCI\u00d3N AL CLIENTE<\/span><br \/>\n<\/button><br \/>\n<\/a><\/div>\n<div style=\"flex: 1 1 45%; padding: 0; margin: 0; box-sizing: border-box;\"><a style=\"display: block; margin: 0;\" href=\"\/archivoslem\/ALCANCE_DEL_SISTEMA_DE_GESTION_DE_LA_CALIDAD.pdf\" target=\"_blank\" rel=\"noopener\"><br \/>\n<button style=\"background-color: #ffcc99; border: 2px solid #CC9966; padding: 2px 8px; margin: 0; cursor: pointer; border-radius: 10px; width: 100%; box-sizing: border-box; font-weight: bold; color: black; font-size: clamp(12px, 1.3vw, 13px); display: flex; align-items: center; justify-content: center; text-align: center; white-space: normal;\"><br \/>\n<span style=\"line-height: 1;\">ALCANCE DEL SISTEMA DE GESTION DE LA CALIDAD<\/span><br \/>\n<\/button><br \/>\n<\/a><\/div>\n<\/div>\n<p><script>\n  function ajustarColumnasResponsive() {\n    const ancho = window.innerWidth;\n    const elementos = document.querySelectorAll(\"#botones-responsive > div\");\n    elementos.forEach(el => {\n      el.style.flex = ancho < 600 ? \"1 1 100%\" : \"1 1 45%\";\n    });\n  }\n\n  window.addEventListener(\"resize\", ajustarColumnasResponsive);\n  window.addEventListener(\"DOMContentLoaded\", ajustarColumnasResponsive);\n<\/script><\/p>\n<p><img decoding=\"async\" class=\"size-full wp-image-120 aligncenter rounded-corners\" src=\"\/imageneslem\/personal-lem-2025.jpg\" alt=\"lem uni\" \/><\/p>\n<p><center><b>ESTRUCTURA ORGANIZACIONAL<\/b><\/center><br \/>\n<a href=\"\/imageneslem\/Organigrama-Lem.png\" target=\"_blank\" rel=\"noopener\"><img decoding=\"async\" class=\"size-full wp-image-120 aligncenter rounded-corners\" src=\"\/imageneslem\/Organigrama-Lem2.png\" alt=\"lem uni\" \/><\/a><\/p>\n<p><img decoding=\"async\" class=\"size-full wp-image-120 aligncenter rounded-corners\" src=\"\/imageneslem\/personal2-lem-2025.jpg\" alt=\"lem uni\" \/><\/p>\n<p><strong>HORARIOS DE ATENCI\u00d3N<\/strong><br \/>\n<table class=\"opening-hours\">\r\n\t<tr class=\"day lunes past weekday\">\r\n\t\t<th class=\"day-name\">Lunes:<\/th>\r\n\t\t<td class=\"hours\">08:00 \u2013 17:00<\/td>\r\n\t<\/tr>\r\n\t<tr class=\"day martes past weekday\">\r\n\t\t<th class=\"day-name\">Martes:<\/th>\r\n\t\t<td class=\"hours\">08:00 \u2013 17:00<\/td>\r\n\t<\/tr>\r\n\t<tr class=\"day mi--rcoles past weekday\">\r\n\t\t<th class=\"day-name\">Mi\u00e9rcoles:<\/th>\r\n\t\t<td class=\"hours\">08:00 \u2013 17:00<\/td>\r\n\t<\/tr>\r\n\t<tr class=\"day jueves past weekday\">\r\n\t\t<th class=\"day-name\">Jueves:<\/th>\r\n\t\t<td class=\"hours\">08:00 \u2013 17:00<\/td>\r\n\t<\/tr>\r\n\t<tr class=\"day viernes past weekday\">\r\n\t\t<th class=\"day-name\">Viernes:<\/th>\r\n\t\t<td class=\"hours\">08:00 \u2013 17:00<\/td>\r\n\t<\/tr>\r\n\t<tr class=\"day s--bado today weekend\">\r\n\t\t<th class=\"day-name\">S\u00e1bado:<\/th>\r\n\t\t<td class=\"hours\">09:00 \u2013 13:00<\/td>\r\n\t<\/tr>\r\n\t<tr class=\"day domingo tomorrow future closed\">\r\n\t\t<th class=\"day-name\">Domingo:<\/th>\r\n\t\t<td class=\"hours\">Cerrado<\/td>\r\n\t<\/tr>\r\n<\/table>\r\n<\/p>\n<p><img decoding=\"async\" class=\"size-full wp-image-120 aligncenter rounded-corners\" src=\"\/imageneslem\/banner-lem-2025.jpg\" alt=\"lem uni\" \/><\/p>\n<p>Contamos con un equipo de ingenieros y t\u00e9cnicos en el ensayo de materiales dedicado a realizar ensayos completos, cuasiest\u00e1ticos, c\u00edclicos y de impacto din\u00e1mico bajo pedido en nuestros laboratorios de ensayos del LEM. Todos los ensayos de los laboratorios se llevan a cabo con diligencia y meticulosidad, siguiendo las normas establecidas. Para ello, nos apoyamos en la dilatada experiencia y los conocimientos especializados de nuestros ingenieros de ensayos y analistas. Con el amplio equipamiento de los laboratorios de ensayos del LEM, le ofrecemos la soluci\u00f3n ideal de recurrir de forma flexible, r\u00e1pida y econ\u00f3mica a unos resultados de ensayos seguros y fiables. Todo ello, para atender las necesidades individuales de todos los materiales.<\/p>\n<p><!--\n<iframe loading=\"lazy\" title=\"YouTube video player\" src=\"https:\/\/www.youtube.com\/embed\/-ut3pP2FHDc?si=vEN939PnpZVAb-z4\" width=\"560\" height=\"315\" frameborder=\"0\" allowfullscreen=\"allowfullscreen\"><\/iframe>\n\n<iframe loading=\"lazy\" title=\"YouTube video player\" src=\"https:\/\/www.youtube.com\/embed\/VVlfiknVsEM?si=oRdKnvFgDDlDNxa5\" width=\"560\" height=\"315\" frameborder=\"0\" allowfullscreen=\"allowfullscreen\"><\/iframe>\n--><\/p>\n<p>En nuestros laboratorios, puede contratar ensayos de materiales y componentes de todo tipo.Las inversiones continuas en el equipamiento de nuestros laboratorios y la formaci\u00f3n continua de nuestro personal nos permiten garantizar unos resultados fiables.<\/p>\n<p><img decoding=\"async\" class=\"size-full wp-image-120 aligncenter rounded-corners\" src=\"\/wp-content\/uploads\/2023\/11\/f_4ca5e9fe18c51.jpg\" \/><\/p>\n","protected":false},"excerpt":{"rendered":"<p>Bienvenidos a la web del Laboratorio de Ensayos de Materiales (LEM) FORMULARIOS PARA SOLICITAR ENSAYOS CONDICIONES GENERALES DE SERVICIO JL-DOC-09 ENCUESTA DE SATISFACCI\u00d3N AL CLIENTE ALCANCE DEL SISTEMA DE GESTION DE LA CALIDAD ESTRUCTURA ORGANIZACIONAL HORARIOS DE ATENCI\u00d3N Contamos con un equipo de ingenieros&#8230;<\/p>\n","protected":false},"author":1,"featured_media":0,"parent":0,"menu_order":0,"comment_status":"closed","ping_status":"open","template":"","meta":{"_joinchat":[],"footnotes":""},"class_list":["post-2","page","type-page","status-publish","hentry"],"aioseo_notices":[],"_links":{"self":[{"href":"https:\/\/www.lem.uni.edu.pe\/index.php?rest_route=\/wp\/v2\/pages\/2","targetHints":{"allow":["GET"]}}],"collection":[{"href":"https:\/\/www.lem.uni.edu.pe\/index.php?rest_route=\/wp\/v2\/pages"}],"about":[{"href":"https:\/\/www.lem.uni.edu.pe\/index.php?rest_route=\/wp\/v2\/types\/page"}],"author":[{"embeddable":true,"href":"https:\/\/www.lem.uni.edu.pe\/index.php?rest_route=\/wp\/v2\/users\/1"}],"replies":[{"embeddable":true,"href":"https:\/\/www.lem.uni.edu.pe\/index.php?rest_route=%2Fwp%2Fv2%2Fcomments&post=2"}],"version-history":[{"count":33,"href":"https:\/\/www.lem.uni.edu.pe\/index.php?rest_route=\/wp\/v2\/pages\/2\/revisions"}],"predecessor-version":[{"id":4667,"href":"https:\/\/www.lem.uni.edu.pe\/index.php?rest_route=\/wp\/v2\/pages\/2\/revisions\/4667"}],"wp:attachment":[{"href":"https:\/\/www.lem.uni.edu.pe\/index.php?rest_route=%2Fwp%2Fv2%2Fmedia&parent=2"}],"curies":[{"name":"wp","href":"https:\/\/api.w.org\/{rel}","templated":true}]}}