{"id":841,"date":"2024-03-28T21:38:26","date_gmt":"2024-03-29T02:38:26","guid":{"rendered":"https:\/\/www.lem.uni.edu.pe\/?page_id=841"},"modified":"2024-06-02T20:08:55","modified_gmt":"2024-06-03T01:08:55","slug":"ensayos","status":"publish","type":"page","link":"https:\/\/www.lem.uni.edu.pe\/?page_id=841","title":{"rendered":"Ensayos"},"content":{"rendered":"<h3 style=\"text-align: center;\"><strong>ENSAYOS DISPONIBLES<\/strong><\/h3>\n<p><strong>&#8211; <a href=\"https:\/\/www.lem.uni.edu.pe\/?page_id=831\" target=\"_blank\" rel=\"noopener\">Resistencia a la compresi\u00f3n del concreto en muestras Cil\u00edndricas o C\u00fabicas<\/a><br \/>\n<img loading=\"lazy\" decoding=\"async\" class=\"alignnone wp-image-408\" src=\"https:\/\/www.lem.uni.edu.pe\/wp-content\/uploads\/2023\/11\/muestras-cilindricas.jpg\" alt=\"\" width=\"130\" height=\"126\" \/><img loading=\"lazy\" decoding=\"async\" class=\"alignnone wp-image-403\" src=\"https:\/\/www.lem.uni.edu.pe\/wp-content\/uploads\/2023\/11\/cubos.png\" alt=\"\" width=\"225\" height=\"81\" \/><a href=\"https:\/\/www.lem.uni.edu.pe\/?page_id=831\"><img loading=\"lazy\" decoding=\"async\" class=\"wp-image-4511 alignright\" src=\"https:\/\/www.lem.uni.edu.pe\/wp-content\/uploads\/2023\/11\/formulariointermitente.gif\" alt=\"\" width=\"100\" height=\"100\" \/><\/a><img loading=\"lazy\" decoding=\"async\" class=\"wp-image-4517 alignright\" src=\"https:\/\/www.lem.uni.edu.pe\/wp-content\/uploads\/2023\/11\/manoderecha.gif\" alt=\"\" width=\"64\" height=\"64\" \/><\/strong><\/p>\n<hr \/>\n<p><strong>&#8211; <a href=\"https:\/\/www.lem.uni.edu.pe\/?page_id=835\" target=\"_blank\" rel=\"noopener\">Resistencia a la Compresi\u00f3n del concreto en corazones diamantino puestos en el LEM<\/a><br \/>\n<img loading=\"lazy\" decoding=\"async\" class=\"alignnone wp-image-404\" src=\"https:\/\/www.lem.uni.edu.pe\/wp-content\/uploads\/2023\/11\/diamantina.png\" alt=\"\" width=\"142\" height=\"121\" \/><a href=\"https:\/\/www.lem.uni.edu.pe\/?page_id=835\"><img loading=\"lazy\" decoding=\"async\" class=\"alignright wp-image-4511\" src=\"https:\/\/www.lem.uni.edu.pe\/wp-content\/uploads\/2023\/11\/formulario2.png\" alt=\"\" width=\"100\" height=\"100\" \/><\/a><img loading=\"lazy\" decoding=\"async\" class=\"wp-image-4517 alignright\" src=\"https:\/\/www.lem.uni.edu.pe\/wp-content\/uploads\/2023\/11\/manoderecha.gif\" alt=\"\" width=\"64\" height=\"64\" \/><\/strong><\/p>\n<hr \/>\n<p><strong>&#8211; <a href=\"https:\/\/www.lem.uni.edu.pe\/?page_id=848\" target=\"_blank\" rel=\"noopener\">Ensayos en Agregados<\/a><br \/>\n<img loading=\"lazy\" decoding=\"async\" class=\"alignnone wp-image-401\" src=\"https:\/\/www.lem.uni.edu.pe\/wp-content\/uploads\/2023\/11\/agregados.jpg\" alt=\"\" width=\"216\" height=\"121\" \/><a href=\"https:\/\/www.lem.uni.edu.pe\/?page_id=848\"><img loading=\"lazy\" decoding=\"async\" class=\"wp-image-4511 alignright\" src=\"https:\/\/www.lem.uni.edu.pe\/wp-content\/uploads\/2023\/11\/formulario2.png\" alt=\"\" width=\"100\" height=\"100\" \/><\/a><\/strong><strong style=\"font-size: 1em;\"><img loading=\"lazy\" decoding=\"async\" class=\"wp-image-4517 alignright\" src=\"https:\/\/www.lem.uni.edu.pe\/wp-content\/uploads\/2023\/11\/manoderecha.gif\" alt=\"\" width=\"64\" height=\"64\" \/><\/strong><\/p>\n<hr \/>\n<p><strong>&#8211; <a href=\"https:\/\/www.lem.uni.edu.pe\/?page_id=851\" target=\"_blank\" rel=\"noopener\">Ensayos en unidades de Alba\u00f1iler\u00eda<\/a><br \/>\n<img loading=\"lazy\" decoding=\"async\" class=\"alignnone wp-image-406\" src=\"https:\/\/www.lem.uni.edu.pe\/wp-content\/uploads\/2023\/11\/ladrillos.webp\" alt=\"\" width=\"353\" height=\"137\" \/><a href=\"https:\/\/www.lem.uni.edu.pe\/?page_id=851\"><img loading=\"lazy\" decoding=\"async\" class=\"wp-image-4511 alignright\" src=\"https:\/\/www.lem.uni.edu.pe\/wp-content\/uploads\/2023\/11\/formulario2.png\" alt=\"\" width=\"100\" height=\"100\" \/><\/a><\/strong><strong style=\"font-size: 1em;\"><img loading=\"lazy\" decoding=\"async\" class=\"wp-image-4517 alignright\" src=\"https:\/\/www.lem.uni.edu.pe\/wp-content\/uploads\/2023\/11\/manoderecha.gif\" alt=\"\" width=\"64\" height=\"64\" \/><\/strong><\/p>\n<hr \/>\n<p><strong>&#8211; <a href=\"https:\/\/www.lem.uni.edu.pe\/?page_id=855\" target=\"_blank\" rel=\"noopener\">Ensayos Varios<\/a><br \/>\n<img loading=\"lazy\" decoding=\"async\" class=\"alignnone wp-image-405\" src=\"https:\/\/www.lem.uni.edu.pe\/wp-content\/uploads\/2023\/11\/ensayosvarios.jpg\" alt=\"\" width=\"344\" height=\"180\" \/><a href=\"https:\/\/www.lem.uni.edu.pe\/?page_id=855\"><img loading=\"lazy\" decoding=\"async\" class=\"wp-image-4511 alignright\" src=\"https:\/\/www.lem.uni.edu.pe\/wp-content\/uploads\/2023\/11\/formulario2.png\" alt=\"\" width=\"100\" height=\"100\" \/><\/a><\/strong><strong style=\"font-size: 1em;\"><img loading=\"lazy\" decoding=\"async\" class=\"wp-image-4517 alignright\" src=\"https:\/\/www.lem.uni.edu.pe\/wp-content\/uploads\/2023\/11\/manoderecha.gif\" alt=\"\" width=\"64\" height=\"64\" \/><\/strong><strong><br \/>\n<\/strong><\/p>\n<hr \/>\n<p><strong>&#8211; <a href=\"https:\/\/www.lem.uni.edu.pe\/?page_id=858\" target=\"_blank\" rel=\"noopener\">Ensayos en Aceros<\/a><br \/>\n<\/strong><img loading=\"lazy\" decoding=\"async\" class=\"alignnone wp-image-400\" src=\"https:\/\/www.lem.uni.edu.pe\/wp-content\/uploads\/2023\/11\/aceros.jpg\" alt=\"\" width=\"192\" height=\"133\" \/><img loading=\"lazy\" decoding=\"async\" class=\"alignnone wp-image-409\" src=\"https:\/\/www.lem.uni.edu.pe\/wp-content\/uploads\/2023\/11\/barra-de-ferro-12m-ca-50-10mm-3-81.png\" alt=\"\" width=\"117\" height=\"117\" \/><a href=\"https:\/\/www.lem.uni.edu.pe\/?page_id=858\"><strong><img loading=\"lazy\" decoding=\"async\" class=\"wp-image-4511 alignright\" src=\"https:\/\/www.lem.uni.edu.pe\/wp-content\/uploads\/2023\/11\/formulario2.png\" alt=\"\" width=\"100\" height=\"100\" \/><img loading=\"lazy\" decoding=\"async\" class=\"wp-image-4517 alignright\" src=\"https:\/\/www.lem.uni.edu.pe\/wp-content\/uploads\/2023\/11\/manoderecha.gif\" alt=\"\" width=\"64\" height=\"64\" \/><\/strong><\/a><\/p>\n<hr \/>\n<p><strong>&#8211; <a href=\"https:\/\/www.lem.uni.edu.pe\/?page_id=1384\" target=\"_blank\" rel=\"noopener\">Ensayos en Madera<\/a><br \/>\n<\/strong><img loading=\"lazy\" decoding=\"async\" class=\"alignnone wp-image-410\" src=\"https:\/\/www.lem.uni.edu.pe\/wp-content\/uploads\/2023\/11\/tipos-de-madera1.jpg\" alt=\"\" width=\"239\" height=\"135\" \/><a href=\"https:\/\/www.lem.uni.edu.pe\/?page_id=1384\"><strong><img loading=\"lazy\" decoding=\"async\" class=\"wp-image-4511 alignright\" src=\"https:\/\/www.lem.uni.edu.pe\/wp-content\/uploads\/2023\/11\/formulario2.png\" alt=\"\" width=\"100\" height=\"100\" \/><img loading=\"lazy\" decoding=\"async\" class=\"wp-image-4517 alignright\" src=\"https:\/\/www.lem.uni.edu.pe\/wp-content\/uploads\/2023\/11\/manoderecha.gif\" alt=\"\" width=\"64\" height=\"64\" \/><\/strong><\/a><\/p>\n<hr \/>\n<p><strong>&#8211; <a href=\"https:\/\/www.lem.uni.edu.pe\/?page_id=1167\" target=\"_blank\" rel=\"noopener\">Dise\u00f1o de Mezclas de Concreto<\/a><br \/>\n<\/strong><img loading=\"lazy\" decoding=\"async\" class=\"alignnone wp-image-400\" src=\"https:\/\/www.lem.uni.edu.pe\/wp-content\/uploads\/2023\/11\/mixer.jpg\" alt=\"\" width=\"218\" height=\"139\" \/><a href=\"https:\/\/www.lem.uni.edu.pe\/?page_id=1167\"><strong><img loading=\"lazy\" decoding=\"async\" class=\"wp-image-4511 alignright\" src=\"https:\/\/www.lem.uni.edu.pe\/wp-content\/uploads\/2023\/11\/formulario2.png\" alt=\"\" width=\"100\" height=\"100\" \/><img loading=\"lazy\" decoding=\"async\" class=\"wp-image-4517 alignright\" src=\"https:\/\/www.lem.uni.edu.pe\/wp-content\/uploads\/2023\/11\/manoderecha.gif\" alt=\"\" width=\"64\" height=\"64\" \/><\/strong><\/a><\/p>\n<hr \/>\n<p><strong>&#8211; <a href=\"https:\/\/www.lem.uni.edu.pe\/?page_id=1267\" target=\"_blank\" rel=\"noopener\">Ensayos Qu\u00edmicos<\/a><br \/>\n<\/strong><img loading=\"lazy\" decoding=\"async\" class=\"alignnone wp-image-400\" src=\"https:\/\/www.lem.uni.edu.pe\/wp-content\/uploads\/2023\/11\/ilustracao-do-conjunto-de-instrumentos-de-laboratorio-de-quimica_53876-803311.jpg\" alt=\"\" width=\"320\" height=\"169\" \/><a href=\"https:\/\/www.lem.uni.edu.pe\/?page_id=1267\"><strong><img loading=\"lazy\" decoding=\"async\" class=\"wp-image-4511 alignright\" src=\"https:\/\/www.lem.uni.edu.pe\/wp-content\/uploads\/2023\/11\/formulario2.png\" alt=\"\" width=\"100\" height=\"100\" \/><img loading=\"lazy\" decoding=\"async\" class=\"wp-image-4517 alignright\" src=\"https:\/\/www.lem.uni.edu.pe\/wp-content\/uploads\/2023\/11\/manoderecha.gif\" alt=\"\" width=\"64\" height=\"64\" \/><\/strong><\/a><\/p>\n<hr \/>\n<p><strong>&#8211; <a href=\"https:\/\/www.lem.uni.edu.pe\/?page_id=1756\" target=\"_blank\" rel=\"noopener\">Ensayos en Cementos<\/a><br \/>\n<\/strong><img loading=\"lazy\" decoding=\"async\" class=\"alignnone wp-image-411\" src=\"https:\/\/www.lem.uni.edu.pe\/wp-content\/uploads\/2023\/11\/cemento.jpg\" alt=\"\" width=\"208\" height=\"144\" \/><a href=\"https:\/\/www.lem.uni.edu.pe\/?page_id=1756\"><strong><img loading=\"lazy\" decoding=\"async\" class=\"wp-image-4511 alignright\" src=\"https:\/\/www.lem.uni.edu.pe\/wp-content\/uploads\/2023\/11\/formulario2.png\" alt=\"\" width=\"100\" height=\"100\" \/><img loading=\"lazy\" decoding=\"async\" class=\"wp-image-4517 alignright\" src=\"https:\/\/www.lem.uni.edu.pe\/wp-content\/uploads\/2023\/11\/manoderecha.gif\" alt=\"\" width=\"64\" height=\"64\" \/><\/strong><\/a><\/p>\n<hr \/>\n<p><strong>&#8211; Ensayos en Culmos de Bamb\u00fa <b> [ En construcci\u00f3n &#8211; por el momento usar el formulario a mano ]<br \/>\n<img loading=\"lazy\" decoding=\"async\" class=\"alignnone wp-image-402\" src=\"https:\/\/www.lem.uni.edu.pe\/wp-content\/uploads\/2023\/11\/bambu.jpg\" alt=\"\" width=\"218\" height=\"139\" \/><img loading=\"lazy\" decoding=\"async\" class=\"wp-image-4511 alignright\" src=\"https:\/\/www.lem.uni.edu.pe\/wp-content\/uploads\/2023\/11\/formulario1.png\" alt=\"\" width=\"100\" height=\"100\" \/><img decoding=\"async\" class=\"wp-image-4517 alignright\" src=\"https:\/\/www.lem.uni.edu.pe\/wp-content\/uploads\/2023\/11\/manoderecha.gif\" alt=\"\" width=\"64\" height=\"&quot;64\" \/><br \/>\n<\/b><\/strong><b><\/b><\/p>\n","protected":false},"excerpt":{"rendered":"<p>ENSAYOS DISPONIBLES &#8211; Resistencia a la compresi\u00f3n del concreto en muestras Cil\u00edndricas o C\u00fabicas &#8211; Resistencia a la Compresi\u00f3n del concreto en corazones diamantino puestos en el LEM &#8211; Ensayos en Agregados &#8211; Ensayos en unidades de Alba\u00f1iler\u00eda &#8211; Ensayos Varios &#8211; Ensayos en&#8230;<\/p>\n","protected":false},"author":1,"featured_media":0,"parent":0,"menu_order":0,"comment_status":"closed","ping_status":"closed","template":"","meta":{"_joinchat":[],"footnotes":""},"class_list":["post-841","page","type-page","status-publish","hentry"],"aioseo_notices":[],"_links":{"self":[{"href":"https:\/\/www.lem.uni.edu.pe\/index.php?rest_route=\/wp\/v2\/pages\/841","targetHints":{"allow":["GET"]}}],"collection":[{"href":"https:\/\/www.lem.uni.edu.pe\/index.php?rest_route=\/wp\/v2\/pages"}],"about":[{"href":"https:\/\/www.lem.uni.edu.pe\/index.php?rest_route=\/wp\/v2\/types\/page"}],"author":[{"embeddable":true,"href":"https:\/\/www.lem.uni.edu.pe\/index.php?rest_route=\/wp\/v2\/users\/1"}],"replies":[{"embeddable":true,"href":"https:\/\/www.lem.uni.edu.pe\/index.php?rest_route=%2Fwp%2Fv2%2Fcomments&post=841"}],"version-history":[{"count":18,"href":"https:\/\/www.lem.uni.edu.pe\/index.php?rest_route=\/wp\/v2\/pages\/841\/revisions"}],"predecessor-version":[{"id":1762,"href":"https:\/\/www.lem.uni.edu.pe\/index.php?rest_route=\/wp\/v2\/pages\/841\/revisions\/1762"}],"wp:attachment":[{"href":"https:\/\/www.lem.uni.edu.pe\/index.php?rest_route=%2Fwp%2Fv2%2Fmedia&parent=841"}],"curies":[{"name":"wp","href":"https:\/\/api.w.org\/{rel}","templated":true}]}}